{"id":214,"date":"2024-04-05T18:41:40","date_gmt":"2024-04-05T16:41:40","guid":{"rendered":"https:\/\/campus.meidling.vhs.at\/php49\/wordpress\/?page_id=214"},"modified":"2024-06-14T18:43:38","modified_gmt":"2024-06-14T16:43:38","slug":"trainingsgelaende","status":"publish","type":"page","link":"http:\/\/a-h-a.at\/index.php\/trainingsgelaende\/","title":{"rendered":"Trainingsgel\u00e4nde"},"content":{"rendered":"<p>Das Gel\u00e4nde der A-H-A Hundeschule verf\u00fcgt \u00fcber 4 gro\u00dfz\u00fcgig angelegte Trainingsfl\u00e4chen.<\/p>\n<p>Zur Verf\u00fcgung stehen 2 voneinander getrennte Wiesenfl\u00e4chen f\u00fcr das Training in den Bereichen Unterordnung, Obedience, Rally Obedience, etc.<\/p>\n<p>F\u00fcr den Bereich Agility stehen zwei weitere voneinander getrennte Trainingsfl\u00e4chen zur Verf\u00fcgung.<\/p>\n<p>Beide Agility Trainingsfl\u00e4chen (Wiese oder Sand) sind mit allen Agility-Ger\u00e4ten ausgestattet.<\/p>\n<p>&nbsp;<\/p>\n<p>Im Falle von Schlechtwetter kann auf das im Jahr 2018 neu erbaute, gro\u00dfe Trainingszelt ausgewichen werden.<\/p>\n<p>&nbsp;<\/p>\n<p>Sowohl f\u00fcr Einzelpersonen, als auch f\u00fcr Trainingsgruppen, die selbstst\u00e4ndig trainieren m\u00f6chten, besteht die M\u00f6glichkeit, eine Trainingsfl\u00e4che bzw. einen Agility-Parcours (Wiese oder Sand) anzumieten.<\/p>\n<p>Kontaktperson: <a href=\"https:\/\/campus.meidling.vhs.at\/php49\/wordpress\/index.php\/startseite\/a-h-a-team\/karl-heinz-ganzi\/\">Karl Heinz Ganzi<\/a><\/p>\n<p>&nbsp;<\/p>\n<p>WC und Dusche (auf Anfrage) sind vorhanden.<\/p>\n<p>&nbsp;<\/p>\n<style type=\"text\/css\">\n#foogallery-gallery-549 .fg-image { width: 150px; }\n#foogallery-gallery-549 { --fg-gutter: 10px; }<\/style>\n\t\t\t<div class=\"foogallery foogallery-container foogallery-default foogallery-lightbox-foogallery fg-center fg-default fg-ready fg-light fg-border-thin fg-shadow-outline fg-loading-default fg-loaded-fade-in fg-caption-hover fg-hover-fade fg-hover-zoom\" id=\"foogallery-gallery-549\" data-foogallery=\"{&quot;item&quot;:{&quot;showCaptionTitle&quot;:true,&quot;showCaptionDescription&quot;:true},&quot;lazy&quot;:true}\" data-foogallery-lightbox=\"{&quot;thumbs&quot;:&quot;bottom&quot;,&quot;thumbsCaptions&quot;:false,&quot;thumbsBestFit&quot;:false,&quot;thumbsSmall&quot;:false,&quot;thumbsCaptionsAlign&quot;:&quot;default&quot;,&quot;info&quot;:&quot;bottom&quot;,&quot;infoVisible&quot;:true,&quot;infoOverlay&quot;:true,&quot;infoAlign&quot;:&quot;default&quot;,&quot;transition&quot;:&quot;fade&quot;,&quot;hoverButtons&quot;:false,&quot;fitMedia&quot;:false,&quot;noScrollbars&quot;:true,&quot;preserveButtonSpace&quot;:true,&quot;buttons&quot;:{&quot;fullscreen&quot;:true,&quot;info&quot;:true,&quot;thumbs&quot;:false},&quot;video&quot;:{&quot;autoPlay&quot;:true}}\" style=\"--fg-title-line-clamp: 0; --fg-description-line-clamp: 0;\" >\n\t<div class=\"fg-item fg-type-image fg-idle\"><figure class=\"fg-item-inner\"><a href=\"http:\/\/a-h-a.at\/wp-content\/uploads\/2024\/06\/4.png\" data-attachment-id=\"554\" data-type=\"image\" class=\"fg-thumb\"><span class=\"fg-image-wrap\"><img decoding=\"async\" width=\"150\" height=\"150\" class=\"skip-lazy fg-image\" data-src-fg=\"http:\/\/a-h-a.at\/wp-content\/uploads\/cache\/2024\/06\/4\/1675862784.png\" src=\"data:image\/svg+xml,%3Csvg%20xmlns%3D%22http%3A%2F%2Fwww.w3.org%2F2000%2Fsvg%22%20width%3D%22150%22%20height%3D%22150%22%20viewBox%3D%220%200%20150%20150%22%3E%3C%2Fsvg%3E\" loading=\"eager\"><\/span><span class=\"fg-image-overlay\"><\/span><\/a><\/figure><div class=\"fg-loader\"><\/div><\/div><div class=\"fg-item fg-type-image fg-idle\"><figure class=\"fg-item-inner\"><a href=\"http:\/\/a-h-a.at\/wp-content\/uploads\/2024\/06\/3.png\" data-attachment-id=\"553\" data-type=\"image\" class=\"fg-thumb\"><span class=\"fg-image-wrap\"><img decoding=\"async\" width=\"150\" height=\"150\" class=\"skip-lazy fg-image\" data-src-fg=\"http:\/\/a-h-a.at\/wp-content\/uploads\/cache\/2024\/06\/3\/2774373974.png\" src=\"data:image\/svg+xml,%3Csvg%20xmlns%3D%22http%3A%2F%2Fwww.w3.org%2F2000%2Fsvg%22%20width%3D%22150%22%20height%3D%22150%22%20viewBox%3D%220%200%20150%20150%22%3E%3C%2Fsvg%3E\" loading=\"eager\"><\/span><span class=\"fg-image-overlay\"><\/span><\/a><\/figure><div class=\"fg-loader\"><\/div><\/div><div class=\"fg-item fg-type-image fg-idle\"><figure class=\"fg-item-inner\"><a href=\"http:\/\/a-h-a.at\/wp-content\/uploads\/2024\/06\/1.png\" data-attachment-id=\"551\" data-type=\"image\" class=\"fg-thumb\"><span class=\"fg-image-wrap\"><img decoding=\"async\" width=\"150\" height=\"150\" class=\"skip-lazy fg-image\" data-src-fg=\"http:\/\/a-h-a.at\/wp-content\/uploads\/cache\/2024\/06\/1\/3112458521.png\" src=\"data:image\/svg+xml,%3Csvg%20xmlns%3D%22http%3A%2F%2Fwww.w3.org%2F2000%2Fsvg%22%20width%3D%22150%22%20height%3D%22150%22%20viewBox%3D%220%200%20150%20150%22%3E%3C%2Fsvg%3E\" loading=\"eager\"><\/span><span class=\"fg-image-overlay\"><\/span><\/a><\/figure><div class=\"fg-loader\"><\/div><\/div><\/div>\n\n","protected":false},"excerpt":{"rendered":"<p>Das Gel\u00e4nde der A-H-A Hundeschule verf\u00fcgt \u00fcber 4 gro\u00dfz\u00fcgig angelegte Trainingsfl\u00e4chen. Zur Verf\u00fcgung stehen 2 voneinander getrennte Wiesenfl\u00e4chen f\u00fcr das Training in den Bereichen Unterordnung, Obedience, Rally Obedience, etc. F\u00fcr den Bereich Agility stehen zwei weitere voneinander getrennte Trainingsfl\u00e4chen zur Verf\u00fcgung. Beide Agility Trainingsfl\u00e4chen (Wiese oder Sand) sind mit allen Agility-Ger\u00e4ten ausgestattet. &nbsp; Im Falle [&hellip;]<\/p>\n","protected":false},"author":1,"featured_media":0,"parent":0,"menu_order":4,"comment_status":"closed","ping_status":"closed","template":"","meta":{"pgc_sgb_lightbox_settings":"","footnotes":""},"class_list":["post-214","page","type-page","status-publish","hentry"],"_links":{"self":[{"href":"http:\/\/a-h-a.at\/index.php\/wp-json\/wp\/v2\/pages\/214","targetHints":{"allow":["GET"]}}],"collection":[{"href":"http:\/\/a-h-a.at\/index.php\/wp-json\/wp\/v2\/pages"}],"about":[{"href":"http:\/\/a-h-a.at\/index.php\/wp-json\/wp\/v2\/types\/page"}],"author":[{"embeddable":true,"href":"http:\/\/a-h-a.at\/index.php\/wp-json\/wp\/v2\/users\/1"}],"replies":[{"embeddable":true,"href":"http:\/\/a-h-a.at\/index.php\/wp-json\/wp\/v2\/comments?post=214"}],"version-history":[{"count":6,"href":"http:\/\/a-h-a.at\/index.php\/wp-json\/wp\/v2\/pages\/214\/revisions"}],"predecessor-version":[{"id":861,"href":"http:\/\/a-h-a.at\/index.php\/wp-json\/wp\/v2\/pages\/214\/revisions\/861"}],"wp:attachment":[{"href":"http:\/\/a-h-a.at\/index.php\/wp-json\/wp\/v2\/media?parent=214"}],"curies":[{"name":"wp","href":"https:\/\/api.w.org\/{rel}","templated":true}]}}